t is s(-19)?
2
Let t(a) = -a**2 + 8238*a + 82475. Determine t(-10).
-5
Let u(h) = -389*h - 2225. What is u(-4)?
-669
Let k(h) = -66*h**2 + 107*h - 130. What is k(4)?
-758
Let l(h) = -h**2 - 1166*h - 19487. Give l(-17).
46
Let z(x) = -6*x**2 - 93*x + 1632. Give z(-26).
-6
Let x(r) = r**2 - 2206053*r + 8824187. What is x(4)?
-9
Let y(v) = -2*v**3 - 35*v**2 - 283*v - 5402. What is y(-18)?
16
Let v(i) = -5*i**3 - 102*i**2 - 453*i - 221. Calculate v(-4).
279
Let s(z) = -z**2 - 30*z + 198. Give s(9).
-153
Let s(l) = 14*l**3 - 9*l**2 + 32*l - 703. Determine s(0).
-703
Let y(s) = -9*s + 540. Determine y(11).
441
Let z(l) = -486*l**2 + 4039*l + 8077. What is z(-2)?
-1945
Let o(g) = 2*g**3 - 153*g**2 + 2921*g + 148. Determine o(39).
-8
Let t(y) = -10*y**3 - 11*y**2 + 4*y + 16. What is t(-2)?
44
Let b(d) = -d**3 + 7*d**2 + 201894*d - 403814. What is b(2)?
-6
Let f(r) = -10*r**2 + 2363*r + 334981. What is f(336)?
-11
Let o(h) = -29*h**3 + 1058*h**2 - 506*h + 161. Determine o(36).
89
Let z(w) = 11905*w**2 + 23817*w + 5. What is z(-2)?
-9
Let s(d) = -1091*d + 14235. What is s(13)?
52
Let t(q) = -q**3 - 408*q**2 - 7726*q + 13198. What is t(-388)?
6
Let b(d) = -14483*d + 260712. What is b(18)?
18
Let b(z) = 39*z**3 + 5*z**2 + 158*z + 153. What is b(-1)?
-39
Let h(r) = -r**3 - 12*r**2 - 593*r - 10534. What is h(-16)?
-22
Let l(j) = -453088*j + 5437062. Determine l(12).
6
Let u(t) = -2775*t + 42679. Calculate u(15).
1054
Let h(i) = 1541*i - 106821. What is h(70)?
1049
Let f(w) = 54437*w - 272222. Determine f(5).
-37
Let k(o) = 2*o**3 - 1300*o**2 - 4562*o + 3803146. Determine k(649).
6
Let l(n) = -5*n**3 + 1112*n**2 - 440*n - 1309. Calculate l(222).
-421
Let h(l) = -51*l + 789. Determine h(-68).
4257
Let j(q) = -59*q**2 + 1186*q + 185. Give j(20).
305
Let z(g) = -g**3 - 139*g**2 - 1216*g + 22. Determine z(-10).
-718
Let z(r) = 1681*r - 12250. Calculate z(7).
-483
Let v(m) = 4*m**3 - 98*m**2 + 499*m + 162. Calculate v(17).
-25
Let m(v) = -3750*v + 1046248. Determine m(279).
-2
Let r(y) = 8358*y - 58518. Give r(7).
-12
Let c(d) = 3*d**3 + 2*d**2 - 14*d - 380. Determine c(5).
-25
Let z(d) = -744117*d + 20835280. Calculate z(28).
4
Let l(w) = -651*w + 34674. Determine l(54).
-480
Let x(h) = h**2 + 29699*h + 2310424. Give x(-78).
-14
Let y(f) = -8784*f + 1923702. Calculate y(219).
6
Let j(l) = 1118*l - 26832. Calculate j(24).
0
Let u(b) = -7760*b + 23348. Determine u(3).
68
Let a(f) = 2*f**3 - 5*f**2 + 60*f + 65. What is a(-1)?
-2
Let s(p) = -p**3 - 1050*p**2 + 31293*p - 58. Give s(29).
0
Let l(p) = p**2 + 606*p + 42212. Calculate l(-80).
132
Let l(s) = -5696*s - 3075810. Determine l(-540).
30
Let j(k) = 409*k + 26079. Calculate j(-72).
-3369
Let s(n) = -n**3 - 608*n**2 + 2426*n - 13483. Give s(-612).
-19
Let j(a) = a**3 - 31*a**2 - 34*a + 69. Give j(34).
2381
Let v(o) = -1940*o - 42646. What is v(-22)?
34
Let x(d) = -26*d**2 + 133*d + 4550. What is x(-11)?
-59
Let h(p) = 62935*p - 440424. Calculate h(7).
121
Let f(k) = 6*k**3 - 44*k - 79. Give f(-2).
-39
Let k(l) = 1497*l + 67133. What is k(-45)?
-232
Let m(t) = 141*t**2 - 1139*t - 1154. Calculate m(9).
16
Let o(d) = d**2 + 825*d - 205002. Determine o(200).
-2
Let y(b) = -4524*b - 8855. What is y(-2)?
193
Let g(d) = -d**3 + 14*d**2 + 1965*d - 499. Give g(-38).
-81
Let z(d) = -10*d**3 + 164*d**2 - 96*d + 501. Give z(16).
-11
Let f(b) = -6*b**3 - 409*b**2 - 84*b - 163. What is f(-68)?
925
Let d(q) = 104*q - 5020. Calculate d(47).
-132
Let t(l) = 108192*l + 2812998. Determine t(-26).
6
Let o(k) = 13*k**2 - 328*k + 630. Determine o(2).
26
Let r(g) = -47*g**2 - 396*g + 38. What is r(-6)?
722
Let t(o) = o**3 + 283*o**2 + 2976*o + 26. Calculate t(-11).
202
Let o(i) = -23955*i - 239516. Determine o(-10).
34
Let o(b) = 1153*b + 6346. Calculate o(-6).
-572
Let p(q) = 3*q**3 - 182*q**2 - 50524*q + 5042. Calculate p(-103).
-5
Let b(x) = -1119*x + 229367. Give b(205).
-28
Let n(p) = -3*p**3 - 36*p**2 + 118*p + 6. What is n(2)?
74
Let w(z) = 4850*z - 970002. Give w(200).
-2
Let k(b) = -12*b**2 + 199*b - 122. What is k(16)?
-10
Let j(c) = 67*c**3 + 3365*c**2 + 649*c - 5062. Determine j(-50).
-12
Let j(s) = 184*s**2 + 8644*s - 41. Calculate j(-47).
147
Let i(c) = -48*c**3 - 333*c**2 - 298*c - 2243. What is i(-7)?
-10
Let r(y) = -819*y - 3230. Give r(-4).
46
Let k(m) = -49138*m + 10515524. Give k(214).
-8
Let i(v) = -948*v - 30291. Calculate i(-32).
45
Let l(h) = 150*h**2 - 4308*h + 10617. Give l(26).
9
Let x(p) = 7381*p - 214422. Determine x(29).
-373
Let w(a) = 21*a**3 + 240*a**2 + 198*a + 1081. Calculate w(-11).
-8
Let d(c) = 2*c**3 - 85*c**2 - 219*c - 20. Determine d(45).
250
Let p(j) = -j**3 - 27*j**2 - 170*j - 219. Calculate p(-6).
45
Let u(i) = -125*i**2 - 3405*i + 11340. Determine u(3).
0
Let m(o) = -o**2 - 315*o + 4314. Calculate m(13).
50
Let r(w) = -17*w**2 - 179*w + 554. What is r(5)?
-766
Let p(o) = 2*o**3 + 16*o**2 + 42*o + 573. Calculate p(-9).
33
Let a(v) = -v**2 - 70109*v + 4350614. Calculate a(62).
12
Let z(o) = o**3 + 23*o**2 - 2135*o + 464. Give z(36).
68
Let g(n) = -34*n**3 - 30*n**2 - 142*n + 44. Calculate g(-5).
4254
Let s(c) = c**3 - 2301*c**2 - 551896*c + 40320. Calculate s(2520).
0
Let g(h) = 5*h - 104. Determine g(7).
-69
Let z(u) = -15*u**3 + 2*u**2 + 131*u - 526. Calculate z(5).
-1696
Let r(p) = 379*p - 5013. Calculate r(9).
-1602
Let w(i) = 3836*i + 13246. Determine w(-4).
-2098
Let g(r) = -38896*r + 233385. Determine g(6).
9
Let k(o) = 7*o**3 + 242*o**2 + 159*o + 1085. Calculate k(-34).
303
Let b(z) = 7*z**2 + 26152*z + 52276. Give b(-2).
0
Let s(g) = -14*g**2 - 5235*g - 4890. Calculate s(-373).
-41
Let q(k) = 3*k**2 + 1914*k + 305246. Give q(-313).
71
Let r(v) = -275*v**2 + 51392*v + 6176. Calculate r(187).
5
Let g(s) = s**2 - 253*s + 6004. Give g(29).
-492
Let m(g) = g**2 + 4285*g + 875080. What is m(-215)?
30
Let y(x) = 4*x**3 - 271*x**2 - 556*x + 485. What is y(70)?
5665
Let n(l) = -l**3 - 18*l**2 + 887*l + 310. Calculate n(-40).
30
Let j(b) = -2*b**2 + 1910*b - 33871. What is j(18)?
-139
Let m(s) = 47*s**2 + 6032*s + 1233. Calculate m(-128).
-815
Let z(p) = -2*p**2 - 17181*p - 137312. Give z(-8).
8
Let b(k) = -2*k**2 - 3102*k + 43866. What is b(14)?
46
Let g(k) = -805421*k - 17719252. What is g(-22)?
10
Let x(n) = 5*n**3 + 226*n**2 + 2440*n - 245. What is x(-18)?
-101
Let o(h) = -2498*h**2 - 509587*h + 1022. Determine o(-204).
2
Let a(f) = 14*f**2 + 213*f + 125. Give a(-17).
550
Let h(z) = 266*z**2 + 74214*z + 58. What is h(-279)?
58
Let l(x) = 111*x**2 - 767*x + 33. Give l(7).
103
Let d(q) = 225*q**2 + 4279*q + 68. Determine d(-19).
-8
Let o(b) = 242*b + 14653. Calculate o(-61).
-109
Let b(i) = 158*i**3 + 3*i**2 + 74*i + 71. Determine b(-1).
-158
Let g(c) = -1097370*c + 6584190. Determine g(6).
-30
Let n(r) = -13*r**3 + 21*r**2 - 12*r + 38. Give n(6).
-2086
Let l(v) = -208*v - 575. Calculate l(-2).
-159
Let k(x) = 12*x**2 + 631*x + 41. What is k(-59)?
4584
Let q(w) = -2*w**2 - 126662*w - 633256. Determine q(-5).
4
Let d(l) = -2*l**3 + 1744*l**2 - 5454*l + 208558. What is d(869)?
-2
Let o(y) = -y**3 - 22*y**2 + 5340*y + 57. What is o(63)?
-888
Let d(t) = -48476*t + 1260413. Give d(26).
37
Let p(w) = -w**3 + 88*w**2 - 105*w - 12737. Calculate p(85).
13
Let w(b) = -712*b - 453472. Give w(-637).
72
Let i(k) = -57*k**2 - 13*k - 13. What is i(1)?
-83
Let z(p) = 797568*p - 11. What is z(0)?
-11
Let j(l) = -89*l**2 + 376*l - 1. Determine j(4).
79
Let y(m) = 220711*m + 662125. What is y(-3)?
-8
Let d(p) = 4926*p - 1137909. What is d(231)?
-3
Let t(f) = -87136*f + 87308. What is t(1)?
172
Let u(s) = 44*s**3 - 11*s**2 - 68*s - 28. What is u(-3)?
-1111
Let j(b) = -1722*b - 89601. Calculate j(-52).
-57
Let y(v) = 243*v**2 + 26964*v - 288. Determine y(-111).
711
Let q(z) = 4*z**2 + 230*z + 266. Give q(-61).
1120
Let k(n) = 310*n + 8325. Determine k(-27).
-45
Let a(d) = 8*d**2 - 56*d - 34. What is a(5)?
-114
Let m(x) = -56675*x + 226499. Determine m(4).
-201
Let x(y) = 6015*y**2 - 30063*y - 5. What is x(5)?
55
Let k(v) = 7*v**2 + 59*v + 250. Give k(-5).
130
Let i(g) = -g**3 + 48*g**2 + 37*g - 1797. Give i(48).
-21
Let j(u) = -u**3 + 88*u**2 + 3740*u + 19081. Determine j(-6).
25
Let t(y) = -1546*y**2 + 256637*y - 163. What is t(166)?
3
Let f(t) = -225*t + 9563. Determine f(43).
-112
Let w(s) = 2*s**3 + 30*s